{"id":189,"date":"2025-05-03T13:28:29","date_gmt":"2025-05-03T10:28:29","guid":{"rendered":"http:\/\/marinistanbul.com\/?page_id=189"},"modified":"2025-06-12T17:07:35","modified_gmt":"2025-06-12T14:07:35","slug":"quantiparts","status":"publish","type":"page","link":"https:\/\/marinistanbul.com\/?page_id=189","title":{"rendered":"QuantiParts"},"content":{"rendered":"\t\t<div data-elementor-type=\"wp-page\" data-elementor-id=\"189\" class=\"elementor elementor-189\">\n\t\t\t\t\t\t<section class=\"elementor-section elementor-top-section elementor-element elementor-element-60a4b261 elementor-section-boxed elementor-section-height-default elementor-section-height-default\" data-id=\"60a4b261\" data-element_type=\"section\" data-settings=\"{&quot;background_background&quot;:&quot;classic&quot;}\">\n\t\t\t\t\t\t\t<div class=\"elementor-background-overlay\"><\/div>\n\t\t\t\t\t\t\t<div class=\"elementor-container elementor-column-gap-default\">\n\t\t\t\t\t<div class=\"elementor-column elementor-col-100 elementor-top-column elementor-element elementor-element-4b3234ff\" data-id=\"4b3234ff\" data-element_type=\"column\">\n\t\t\t<div class=\"elementor-widget-wrap elementor-element-populated\">\n\t\t\t\t\t\t<section class=\"elementor-section elementor-inner-section elementor-element elementor-element-34c31b3 elementor-section-boxed elementor-section-height-default elementor-section-height-default\" data-id=\"34c31b3\" data-element_type=\"section\">\n\t\t\t\t\t\t<div class=\"elementor-container elementor-column-gap-default\">\n\t\t\t\t\t<div class=\"elementor-column elementor-col-100 elementor-inner-column elementor-element elementor-element-163fe35f\" data-id=\"163fe35f\" data-element_type=\"column\">\n\t\t\t<div class=\"elementor-widget-wrap elementor-element-populated\">\n\t\t\t\t\t\t<div class=\"elementor-element elementor-element-3194bc6 elementor-icon-list--layout-inline elementor-align-center elementor-list-item-link-full_width elementor-widget elementor-widget-icon-list\" data-id=\"3194bc6\" data-element_type=\"widget\" data-widget_type=\"icon-list.default\">\n\t\t\t\t<div class=\"elementor-widget-container\">\n\t\t\t\t\t\t\t<ul class=\"elementor-icon-list-items elementor-inline-items\">\n\t\t\t\t\t\t\t<li class=\"elementor-icon-list-item elementor-inline-item\">\n\t\t\t\t\t\t\t\t\t\t\t<span class=\"elementor-icon-list-icon\">\n\t\t\t\t\t\t\t<svg aria-hidden=\"true\" class=\"e-font-icon-svg e-fas-chevron-circle-right\" viewBox=\"0 0 512 512\" xmlns=\"http:\/\/www.w3.org\/2000\/svg\"><path d=\"M256 8c137 0 248 111 248 248S393 504 256 504 8 393 8 256 119 8 256 8zm113.9 231L234.4 103.5c-9.4-9.4-24.6-9.4-33.9 0l-17 17c-9.4 9.4-9.4 24.6 0 33.9L285.1 256 183.5 357.6c-9.4 9.4-9.4 24.6 0 33.9l17 17c9.4 9.4 24.6 9.4 33.9 0L369.9 273c9.4-9.4 9.4-24.6 0-34z\"><\/path><\/svg>\t\t\t\t\t\t<\/span>\n\t\t\t\t\t\t\t\t\t\t<span class=\"elementor-icon-list-text\">QuantiParts<\/span>\n\t\t\t\t\t\t\t\t\t<\/li>\n\t\t\t\t\t\t<\/ul>\n\t\t\t\t\t\t<\/div>\n\t\t\t\t<\/div>\n\t\t\t\t\t<\/div>\n\t\t<\/div>\n\t\t\t\t\t<\/div>\n\t\t<\/section>\n\t\t\t\t\t<\/div>\n\t\t<\/div>\n\t\t\t\t\t<\/div>\n\t\t<\/section>\n\t\t<div class=\"elementor-element elementor-element-e8e14bf e-flex e-con-boxed e-con e-parent\" data-id=\"e8e14bf\" data-element_type=\"container\">\n\t\t\t\t\t<div class=\"e-con-inner\">\n\t\t<div class=\"elementor-element elementor-element-76e7051 e-con-full e-flex e-con e-child\" data-id=\"76e7051\" data-element_type=\"container\">\n\t\t\t\t<\/div>\n\t\t<div class=\"elementor-element elementor-element-a844866 e-con-full e-flex e-con e-child\" data-id=\"a844866\" data-element_type=\"container\">\n\t\t\t\t<div class=\"elementor-element elementor-element-3e69ae6 elementor-widget elementor-widget-image\" data-id=\"3e69ae6\" data-element_type=\"widget\" data-widget_type=\"image.default\">\n\t\t\t\t<div class=\"elementor-widget-container\">\n\t\t\t\t\t\t\t\t\t\t\t\t\t\t\t<img decoding=\"async\" width=\"300\" height=\"107\" src=\"https:\/\/marinistanbul.com\/wp-content\/uploads\/2025\/05\/LOGO-Quantiparts-BLUE-1-300x107.png\" class=\"attachment-medium size-medium wp-image-703\" alt=\"\" srcset=\"https:\/\/marinistanbul.com\/wp-content\/uploads\/2025\/05\/LOGO-Quantiparts-BLUE-1-300x107.png 300w, https:\/\/marinistanbul.com\/wp-content\/uploads\/2025\/05\/LOGO-Quantiparts-BLUE-1-1024x366.png 1024w, https:\/\/marinistanbul.com\/wp-content\/uploads\/2025\/05\/LOGO-Quantiparts-BLUE-1-768x275.png 768w, https:\/\/marinistanbul.com\/wp-content\/uploads\/2025\/05\/LOGO-Quantiparts-BLUE-1-1536x550.png 1536w, https:\/\/marinistanbul.com\/wp-content\/uploads\/2025\/05\/LOGO-Quantiparts-BLUE-1.png 1582w\" sizes=\"(max-width: 300px) 100vw, 300px\" \/>\t\t\t\t\t\t\t\t\t\t\t\t\t\t\t<\/div>\n\t\t\t\t<\/div>\n\t\t\t\t<\/div>\n\t\t<div class=\"elementor-element elementor-element-afeb2ae e-con-full e-flex e-con e-child\" data-id=\"afeb2ae\" data-element_type=\"container\">\n\t\t\t\t<\/div>\n\t\t\t\t\t<\/div>\n\t\t\t\t<\/div>\n\t\t<div class=\"elementor-element elementor-element-ccad2d4 e-flex e-con-boxed e-con e-parent\" data-id=\"ccad2d4\" data-element_type=\"container\">\n\t\t\t\t\t<div class=\"e-con-inner\">\n\t\t<div class=\"elementor-element elementor-element-d1cdec9 e-con-full e-flex e-con e-child\" data-id=\"d1cdec9\" data-element_type=\"container\">\n\t\t\t\t<div class=\"elementor-element elementor-element-bb40a20 elementor-drop-cap-yes elementor-drop-cap-view-default elementor-widget elementor-widget-text-editor\" data-id=\"bb40a20\" data-element_type=\"widget\" data-settings=\"{&quot;drop_cap&quot;:&quot;yes&quot;}\" data-widget_type=\"text-editor.default\">\n\t\t\t\t<div class=\"elementor-widget-container\">\n\t\t\t\t\t\t\t\t\t<div id=\"comp-lo5zi8a2\" class=\"HcOXKn c9GqVL QxJLC3 lq2cno YQcXTT comp-lo5zi8a2 wixui-rich-text\" data-testid=\"richTextElement\"><p class=\"font_8 wixui-rich-text__text\"><span class=\"wixui-rich-text__text\">QuantiParts delivers 24-7 from an extensive stock of spare parts and offers a full scope of services. As the Original Engine Manufacturer (OEM) QuantiParts can supply all required maintenance parts and major parts like crankshafts, engine blocks and short blocks which are needed to repair damages in the most reliable way. <\/span><\/p><p class=\"font_8 wixui-rich-text__text\"><span class=\"wixui-rich-text__text\">As being part of the W\u00e4rtsil\u00e4 family, customers have access to W\u00e4rtsil\u00e4\u2019s services if needed. Through global W\u00e4rtsil\u00e4 network and distributors (Marin \u0130stanbul has now joined this group of distributors), QuantiParts offers cost efficient solutions, immediate response and the right parts on time.<\/span><\/p><p class=\"font_8 wixui-rich-text__text\"><span class=\"wixui-rich-text__text\">QuantiParts supplies OEM spare parts for mature W\u00e4rtsil\u00e4 engine brands; Stork Werkspoor Diesel, Deutz, Deutz MWM, Bolnes, Sulzer A\/S 4 stroke, SACM, Poyaud, Crepelle GMT and VASA and have all the parts new, remanufactured or pre-owned to keep them operating.<\/span><\/p><p class=\"font_8 wixui-rich-text__text\"><span style=\"text-decoration: underline;\"><span class=\"wixui-rich-text__text\">They stock parts for following engine types:<\/span><\/span><\/p><p class=\"font_8 wixui-rich-text__text\"><strong><span class=\"wixui-rich-text__text\">Stork Werkspoor DR0210 | F240 | SW280 | TM410 | TM620<\/span><\/strong><\/p><p class=\"font_8 wixui-rich-text__text\"><strong><span class=\"wixui-rich-text__text\">Sulzer A\/S A20 | AL20 | A25 | AS25 | AT25 | S20 | S20(U)<\/span><\/strong><\/p><p class=\"font_8 wixui-rich-text__text\"><strong><span class=\"wixui-rich-text__text\">Bolnes 190<\/span><\/strong><\/p><p class=\"font_8 wixui-rich-text__text\"><strong><span class=\"wixui-rich-text__text\">Poyaud UD150 | UD18 | UD23 | UD25<\/span><\/strong><\/p><p class=\"font_8 wixui-rich-text__text\"><strong><span class=\"wixui-rich-text__text\">Deutz MWM 1822 | 232 | 234 | 440 | 441 | 444 | 484 | 510 | 500 | 501 | 601 | 602 | 604 | 604B | 616 | 620 | 645<\/span><\/strong><\/p><p class=\"font_8 wixui-rich-text__text\"><strong><span class=\"wixui-rich-text__text\">Deutz KHD 350 | 358 | 528 | 540 | 545 | 628 | 640 | 816<\/span><\/strong><\/p><p class=\"font_8 wixui-rich-text__text\"><strong><span class=\"wixui-rich-text__text\">SACM UD30 \/ MGO<\/span><\/strong><\/p><p class=\"font_8 wixui-rich-text__text\"><strong><span class=\"wixui-rich-text__text\">Crepelle CR26 | CR26VDF | SN | SN2 SN3 | SNSRR | PSN | PSNSRR<\/span><\/strong><\/p><p class=\"font_8 wixui-rich-text__text\"><strong><span class=\"wixui-rich-text__text\">W\u00e4rtsil\u00e4 Diesel VASA 14 I VASA 24 | VASA 22 ABC | MD\/HF | 22\/26<\/span><\/strong><\/p><p class=\"font_8 wixui-rich-text__text\"><strong><span class=\"wixui-rich-text__text\">Grandi Motori Trieste GMT210 | GMT230 | GMT320 | GMT420<\/span><\/strong><\/p><p class=\"font_8 wixui-rich-text__text\"><strong><span class=\"wixui-rich-text__text\">Wichmann AC | AX | 28<\/span><\/strong><\/p><p class=\"font_8 wixui-rich-text__text\"><strong><span class=\"wixui-rich-text__text\">Nohab F10 | F20 | F30 | WN25 | WN25DF | W25SG<\/span><\/strong><\/p><p class=\"font_8 wixui-rich-text__text\"><strong><span class=\"wixui-rich-text__text\">Wartsila W200 | W220<\/span><\/strong><\/p><p>quantiparts.com<\/p><\/div>\t\t\t\t\t\t\t\t<\/div>\n\t\t\t\t<\/div>\n\t\t\t\t<div class=\"elementor-element elementor-element-6ac3284 elementor-widget elementor-widget-image\" data-id=\"6ac3284\" data-element_type=\"widget\" data-widget_type=\"image.default\">\n\t\t\t\t<div class=\"elementor-widget-container\">\n\t\t\t\t\t\t\t\t\t\t\t\t\t\t\t<img fetchpriority=\"high\" decoding=\"async\" width=\"800\" height=\"450\" src=\"https:\/\/marinistanbul.com\/wp-content\/uploads\/2025\/06\/Quantiparts-Engine-Logos-1024x576.png\" class=\"attachment-large size-large wp-image-1197\" alt=\"\" srcset=\"https:\/\/marinistanbul.com\/wp-content\/uploads\/2025\/06\/Quantiparts-Engine-Logos-1024x576.png 1024w, https:\/\/marinistanbul.com\/wp-content\/uploads\/2025\/06\/Quantiparts-Engine-Logos-300x169.png 300w, https:\/\/marinistanbul.com\/wp-content\/uploads\/2025\/06\/Quantiparts-Engine-Logos-768x432.png 768w, https:\/\/marinistanbul.com\/wp-content\/uploads\/2025\/06\/Quantiparts-Engine-Logos-1536x864.png 1536w, https:\/\/marinistanbul.com\/wp-content\/uploads\/2025\/06\/Quantiparts-Engine-Logos.png 1920w\" sizes=\"(max-width: 800px) 100vw, 800px\" \/>\t\t\t\t\t\t\t\t\t\t\t\t\t\t\t<\/div>\n\t\t\t\t<\/div>\n\t\t\t\t<\/div>\n\t\t\t\t\t<\/div>\n\t\t\t\t<\/div>\n\t\t\t\t<\/div>\n\t\t","protected":false},"excerpt":{"rendered":"<p>QuantiParts QuantiParts delivers 24-7 from an extensive stock of spare parts and offers a full scope of services. As the Original Engine Manufacturer (OEM) QuantiParts can supply all required maintenance parts and major parts like crankshafts, engine blocks and short blocks which are needed to repair damages in the most reliable way. As being part [&hellip;]<\/p>\n","protected":false},"author":1,"featured_media":0,"parent":0,"menu_order":0,"comment_status":"closed","ping_status":"closed","template":"elementor_header_footer","meta":{"footnotes":""},"class_list":["post-189","page","type-page","status-publish","hentry"],"_links":{"self":[{"href":"https:\/\/marinistanbul.com\/index.php?rest_route=\/wp\/v2\/pages\/189","targetHints":{"allow":["GET"]}}],"collection":[{"href":"https:\/\/marinistanbul.com\/index.php?rest_route=\/wp\/v2\/pages"}],"about":[{"href":"https:\/\/marinistanbul.com\/index.php?rest_route=\/wp\/v2\/types\/page"}],"author":[{"embeddable":true,"href":"https:\/\/marinistanbul.com\/index.php?rest_route=\/wp\/v2\/users\/1"}],"replies":[{"embeddable":true,"href":"https:\/\/marinistanbul.com\/index.php?rest_route=%2Fwp%2Fv2%2Fcomments&post=189"}],"version-history":[{"count":34,"href":"https:\/\/marinistanbul.com\/index.php?rest_route=\/wp\/v2\/pages\/189\/revisions"}],"predecessor-version":[{"id":1228,"href":"https:\/\/marinistanbul.com\/index.php?rest_route=\/wp\/v2\/pages\/189\/revisions\/1228"}],"wp:attachment":[{"href":"https:\/\/marinistanbul.com\/index.php?rest_route=%2Fwp%2Fv2%2Fmedia&parent=189"}],"curies":[{"name":"wp","href":"https:\/\/api.w.org\/{rel}","templated":true}]}}